{"id":12,"date":"2015-05-01T08:20:00","date_gmt":"2015-05-01T08:20:00","guid":{"rendered":"http:\/\/www.lakyputz.com\/?page_id=12"},"modified":"2015-05-05T12:38:03","modified_gmt":"2015-05-05T12:38:03","slug":"partner","status":"publish","type":"page","link":"http:\/\/www.lakyputz.com\/?page_id=12","title":{"rendered":"Partner"},"content":{"rendered":"<p>&nbsp;<\/p>\n<p>Wir verwenden das beste Material der unten angef\u00fchrten Partner, welcher f\u00fcr Qualit\u00e4t stehen. F\u00fcr unsere Kunden wollen wir nur das Beste!<\/p>\n<p>&nbsp;<\/p>\n<p><a href=\"https:\/\/i0.wp.com\/www.lakyputz.com\/wp-content\/uploads\/2015\/05\/ROFIX.png\"><img data-recalc-dims=\"1\" loading=\"lazy\" decoding=\"async\" class=\"alignnone size-full wp-image-29\" src=\"https:\/\/i0.wp.com\/www.lakyputz.com\/wp-content\/uploads\/2015\/05\/ROFIX.png?resize=474%2C356\" alt=\"ROFIX\" width=\"474\" height=\"356\" srcset=\"https:\/\/i0.wp.com\/www.lakyputz.com\/wp-content\/uploads\/2015\/05\/ROFIX.png?w=474 474w, https:\/\/i0.wp.com\/www.lakyputz.com\/wp-content\/uploads\/2015\/05\/ROFIX.png?resize=300%2C225 300w\" sizes=\"auto, (max-width: 474px) 100vw, 474px\" \/><\/a><\/p>\n<p>&nbsp;<\/p>\n<p>&nbsp;<\/p>\n","protected":false},"excerpt":{"rendered":"<p>&nbsp; Wir verwenden das beste Material der unten angef\u00fchrten Partner, welcher f\u00fcr Qualit\u00e4t stehen. F\u00fcr unsere Kunden wollen wir nur das Beste! &nbsp; &nbsp; &nbsp;<\/p>\n","protected":false},"author":1,"featured_media":78,"parent":0,"menu_order":0,"comment_status":"closed","ping_status":"closed","template":"","meta":{"footnotes":""},"class_list":["post-12","page","type-page","status-publish","has-post-thumbnail","hentry"],"jetpack_sharing_enabled":true,"_links":{"self":[{"href":"http:\/\/www.lakyputz.com\/index.php?rest_route=\/wp\/v2\/pages\/12","targetHints":{"allow":["GET"]}}],"collection":[{"href":"http:\/\/www.lakyputz.com\/index.php?rest_route=\/wp\/v2\/pages"}],"about":[{"href":"http:\/\/www.lakyputz.com\/index.php?rest_route=\/wp\/v2\/types\/page"}],"author":[{"embeddable":true,"href":"http:\/\/www.lakyputz.com\/index.php?rest_route=\/wp\/v2\/users\/1"}],"replies":[{"embeddable":true,"href":"http:\/\/www.lakyputz.com\/index.php?rest_route=%2Fwp%2Fv2%2Fcomments&post=12"}],"version-history":[{"count":4,"href":"http:\/\/www.lakyputz.com\/index.php?rest_route=\/wp\/v2\/pages\/12\/revisions"}],"predecessor-version":[{"id":109,"href":"http:\/\/www.lakyputz.com\/index.php?rest_route=\/wp\/v2\/pages\/12\/revisions\/109"}],"wp:featuredmedia":[{"embeddable":true,"href":"http:\/\/www.lakyputz.com\/index.php?rest_route=\/wp\/v2\/media\/78"}],"wp:attachment":[{"href":"http:\/\/www.lakyputz.com\/index.php?rest_route=%2Fwp%2Fv2%2Fmedia&parent=12"}],"curies":[{"name":"wp","href":"https:\/\/api.w.org\/{rel}","templated":true}]}}